{"id":419,"date":"2009-05-02T20:50:29","date_gmt":"2009-05-02T19:50:29","guid":{"rendered":"http:\/\/sickel.net\/blogg\/?page_id=419"},"modified":"2013-10-15T15:32:00","modified_gmt":"2013-10-15T13:32:00","slug":"eplekjekk-eplejekk","status":"publish","type":"page","link":"http:\/\/sickel.net\/blogg\/?page_id=419","title":{"rendered":"Eplekjekk eplejekk"},"content":{"rendered":"<ul>\n<li><a href=\"http:\/\/sickel.net\/blogg\/?p=867\">Deutsch<\/a><\/li>\n<li><a href=\"http:\/\/sickel.net\/epler\/index.en.php\">English<\/a><\/li>\n<\/ul>\n<p>Til 2009 sesongen ble det gjort noen <a href=\"\/blogg\/?p=535\">oppdateringer<\/a> av eplejekken<\/p>\n<p>Min tremenning Johannes Kolberg har f\u00e5tt laget en eplepresse som vi l\u00e5nte en helg i oktober. Konstruksjonen er den samme som en klassisk druepresse, men   i stedet for en skrue, brukes en jekk.<br \/>\n<img loading=\"lazy\" decoding=\"async\" src=\"\/bilder\/500_tom.jpg\" alt=\"Tom presse\" width=\"500\" height=\"667\" \/><\/p>\n<p>Eplene kvernes og legges lagvis og pakkes inn i en slags sekkestrie (i  plast). For \u00e5 hjelpe med pakkingen brukes en treramme som fjernes f\u00f8r neste lag   legges p\u00e5, eller man begynner \u00e5 presse.<br \/>\n<img loading=\"lazy\" decoding=\"async\" src=\"\/bilder\/500_et_lag.jpg\" alt=\"Et lag epler klart for pakking\" width=\"500\" height=\"667\" \/><\/p>\n<p>S\u00e5 er det til \u00e5 jekke. Den jekken som benyttes skal kunne l\u00f8fte et par tonn. Eplesaften renner ned i baljen under<br \/>\n<img loading=\"lazy\" decoding=\"async\" src=\"\/bilder\/500_presse_med.jpg\" alt=\"Pressede epler eplepresse\" width=\"500\" height=\"667\" \/><\/p>\n<p>\nN\u00e6rbilde. Dette var en av de f\u00f8rste rundene og vi klarte enda ikke \u00e5 f\u00e5 pressen til \u00e5 g\u00e5 rett.<br \/>\n<img loading=\"lazy\" decoding=\"async\" src=\"\/bilder\/500_closeup.jpg\" alt=\"N\u00e6rbilde av pressen\" width=\"500\" height=\"375\" \/><\/p>\n<p>Pressen har en kapasitet p\u00e5 ca 15 kg epler pr kj\u00f8ring. Med litt trening tok  det ca 1.5 time \u00e5 dele opp og presse epler, tappe p\u00e5 emballasje og klargj\u00f8re  for neste runde. \u00c5rets avling p\u00e5 60 kg epler gav ca 30 liter saft. Vi lagde   r\u00e5 saft som vi fr\u00f8s ned, s\u00e5 n\u00e5 begynner fryseren \u00e5 bli rimelig full&#8230; <\/p>\n<p><a href=http:\/\/sickel.net\/blogg\/?p=90>Bruk av eplepressen<\/a><\/p>\n<p>Fler (eller var det mer) <a href=\"http:\/\/sickel.net\/blogg\/?cat=12\">eplesider<\/a><\/p>\n","protected":false},"excerpt":{"rendered":"<p>Deutsch English Til 2009 sesongen ble det gjort noen oppdateringer av eplejekken Min tremenning Johannes Kolberg har f\u00e5tt laget en eplepresse som vi l\u00e5nte en helg i oktober. Konstruksjonen er den samme som en klassisk druepresse, men i stedet for &hellip; <a href=\"http:\/\/sickel.net\/blogg\/?page_id=419\">Continue reading <span class=\"meta-nav\">&rarr;<\/span><\/a><\/p>\n","protected":false},"author":2,"featured_media":0,"parent":769,"menu_order":0,"comment_status":"open","ping_status":"open","template":"","meta":{"jetpack_post_was_ever_published":false,"footnotes":""},"class_list":["post-419","page","type-page","status-publish","hentry"],"jetpack_shortlink":"https:\/\/wp.me\/PnVtD-6L","jetpack_sharing_enabled":true,"jetpack_likes_enabled":true,"jetpack-related-posts":[],"_links":{"self":[{"href":"http:\/\/sickel.net\/blogg\/index.php?rest_route=\/wp\/v2\/pages\/419","targetHints":{"allow":["GET"]}}],"collection":[{"href":"http:\/\/sickel.net\/blogg\/index.php?rest_route=\/wp\/v2\/pages"}],"about":[{"href":"http:\/\/sickel.net\/blogg\/index.php?rest_route=\/wp\/v2\/types\/page"}],"author":[{"embeddable":true,"href":"http:\/\/sickel.net\/blogg\/index.php?rest_route=\/wp\/v2\/users\/2"}],"replies":[{"embeddable":true,"href":"http:\/\/sickel.net\/blogg\/index.php?rest_route=%2Fwp%2Fv2%2Fcomments&post=419"}],"version-history":[{"count":12,"href":"http:\/\/sickel.net\/blogg\/index.php?rest_route=\/wp\/v2\/pages\/419\/revisions"}],"predecessor-version":[{"id":1725,"href":"http:\/\/sickel.net\/blogg\/index.php?rest_route=\/wp\/v2\/pages\/419\/revisions\/1725"}],"up":[{"embeddable":true,"href":"http:\/\/sickel.net\/blogg\/index.php?rest_route=\/wp\/v2\/pages\/769"}],"wp:attachment":[{"href":"http:\/\/sickel.net\/blogg\/index.php?rest_route=%2Fwp%2Fv2%2Fmedia&parent=419"}],"curies":[{"name":"wp","href":"https:\/\/api.w.org\/{rel}","templated":true}]}}